{"id":3,"date":"2025-12-16T20:58:30","date_gmt":"2025-12-16T19:58:30","guid":{"rendered":"https:\/\/kompetencia.cloud\/?page_id=3"},"modified":"2025-12-16T22:43:35","modified_gmt":"2025-12-16T21:43:35","slug":"adatkezelesi-tajekoztato","status":"publish","type":"page","link":"https:\/\/kompetencia.cloud\/index.php\/adatkezelesi-tajekoztato\/","title":{"rendered":"Adatkezel\u00e9si t\u00e1j\u00e9koztat\u00f3"},"content":{"rendered":"\n<h2 class=\"wp-block-heading\">1. Ki vagyok<\/h2>\n\n\n\n<p><em>Jelen adatkezel\u00e9si t\u00e1j\u00e9koztat\u00f3 a <\/em><a href=\"https:\/\/kompetencia.cloud\/\" target=\"_blank\" rel=\"noreferrer noopener\">https:\/\/kompetencia.cloud<\/a><em>\u00a0weboldalon v\u00e9gzett adatkezel\u00e9si tev\u00e9kenys\u00e9geket mutatja be. A weboldal c\u00e9lja, hogy szem\u00e9lyes szakmai blogk\u00e9nt inform\u00e1ci\u00f3kat osszak meg az \u00e1ltalam megismert technol\u00f3gi\u00e1kr\u00f3l \u00e9s rendszerekr\u0151l. <\/em><\/p>\n\n\n\n<h2 class=\"wp-block-heading\">2. Adatkezel\u0151<\/h2>\n\n\n\n<p>Ki az adatkezel\u0151?<\/p>\n\n\n\n<p><strong>Adatkezel\u0151<\/strong><em>: Kis Zolt\u00e1n (mag\u00e1nszem\u00e9ly)<\/em><br><strong>Weboldal<\/strong><em>:\u00a0<\/em><a href=\"https:\/\/kompetencia.cloud\/\" target=\"_blank\" rel=\"noreferrer noopener\"><em>https:\/\/kompetencia.cloud<\/em><\/a><br><strong>E\u2011mail<\/strong>: <em>kiszoltan@t-email.hu<\/em><\/p>\n\n\n\n<h2 class=\"wp-block-heading\">3. Milyen adatokat gy\u0171jthetek?<\/h2>\n\n\n\n<p><em>A weboldal b\u00f6ng\u00e9sz\u00e9se sor\u00e1n a webszerver automatikusan napl\u00f3zza a l\u00e1togat\u00e1sok technikai adatait (IP\u2011c\u00edm, b\u00f6ng\u00e9sz\u0151 t\u00edpusa, megl\u00e1togatott oldalak, id\u0151pont), kiz\u00e1r\u00f3lag a rendszer biztons\u00e1ga \u00e9s hibakeres\u00e9s c\u00e9lj\u00e1b\u00f3l.<\/em><br><em>Ha e\u2011mailben vagy \u0171rlapon keresel meg, az \u00e1ltalad megadott nevet, e\u2011mail\u2011c\u00edmet \u00e9s az \u00fczenetben szerepl\u0151 egy\u00e9b adatokat a kapcsolatfelv\u00e9tel \u00e9s v\u00e1laszad\u00e1s c\u00e9lj\u00e1b\u00f3l kezelem. M\u00e1s c\u00e9lb\u00f3l szem\u00e9lyes adatot nem gy\u0171jt\u00f6k \u00e9s nem profilozok.<\/em><\/p>\n\n\n\n<h2 class=\"wp-block-heading\">4. Jogalap, meg\u0151rz\u00e9si id\u0151.<\/h2>\n\n\n\n<p>Mivel ez egy szem\u00e9lyes szakmai blog \u00edgy:<\/p>\n\n\n\n<p><em>A kapcsolattart\u00e1s jogalapja a jogos \u00e9rdek (GDPR 6. cikk (1) f)), mivel a megkeres\u00e9sedre v\u00e1laszolni szeretn\u00e9k.<\/em><br><em>A levelez\u00e9st \u00e9s a kapcsolattart\u00e1s adatait legfeljebb 2 \u00e9vig \u0151rz\u00f6m meg, ezt k\u00f6vet\u0151en t\u00f6rl\u00f6m, kiv\u00e9ve, ha jogi ig\u00e9ny \u00e9rv\u00e9nyes\u00edt\u00e9s\u00e9hez hosszabb meg\u0151rz\u00e9s sz\u00fcks\u00e9ges.<\/em><\/p>\n\n\n\n<h2 class=\"wp-block-heading\">5. Adattov\u00e1bb\u00edt\u00e1s, t\u00e1rol\u00e1s helye<\/h2>\n\n\n\n<p><em>A szem\u00e9lyes adatokhoz csak \u00e9n, mint adatkezel\u0151 f\u00e9rek hozz\u00e1.<br>Az adatokat a\u00a0<strong>F<\/strong><\/em><strong><em>ORPSI \/ Aruba Cloud<\/em><\/strong><em><strong>\u00a0<\/strong>mint VPS\u2011szolg\u00e1ltat\u00f3 EU\u2011ban \u00fczemeltetett szerverein t\u00e1rolom. A szolg\u00e1ltat\u00f3 ebben a min\u0151s\u00e9g\u00e9ben adatfeldolgoz\u00f3k\u00e9nt j\u00e1r el, a szem\u00e9lyes adatokat \u00f6n\u00e1ll\u00f3 c\u00e9lra nem haszn\u00e1lja. Szem\u00e9lyes adatokat harmadik orsz\u00e1gba nem tov\u00e1bb\u00edtok.<\/em><\/p>\n\n\n\n<h2 class=\"wp-block-heading\">6. \u00c9rintetti jogok, panaszjog<\/h2>\n\n\n\n<p><em>A GDPR szerint jogod van k\u00e9rni a r\u00f3lad kezelt adatokhoz val\u00f3 hozz\u00e1f\u00e9r\u00e9st, azok helyesb\u00edt\u00e9s\u00e9t, t\u00f6rl\u00e9s\u00e9t vagy az adatkezel\u00e9s korl\u00e1toz\u00e1s\u00e1t, valamint tiltakozhatsz az adatkezel\u00e9s ellen.<\/em><br><em>K\u00e9r\u00e9sedet az adatkezel\u0151i e\u2011mail c\u00edmre k\u00fcldve jelezheted. Ha \u00fagy \u00e9rzed, hogy az adatkezel\u00e9s s\u00e9rti a jogszab\u00e1lyokat, a Nemzeti Adatv\u00e9delmi \u00e9s Inform\u00e1ci\u00f3szabads\u00e1g Hat\u00f3s\u00e1gn\u00e1l (NAIH) tehetsz panaszt.<\/em><\/p>\n\n\n\n<h2 class=\"wp-block-heading\">7. S\u00fctik haszn\u00e1lata<\/h2>\n\n\n\n<p><em>A weboldal a m\u0171k\u00f6d\u00e9s\u00e9hez sz\u00fcks\u00e9ges technikai s\u00fctiket haszn\u00e1l (pl. bel\u00e9pett felhaszn\u00e1l\u00f3k munkamenet\u00e9nek fenntart\u00e1s\u00e1ra). Ezek szem\u00e9lyazonos\u00edt\u00e1sra \u00f6nmagukban nem alkalmasak, \u00e9s a b\u00f6ng\u00e9sz\u0151 bez\u00e1r\u00e1s\u00e1val t\u00f6rl\u0151dnek.<\/em><\/p>\n\n\n\n<h2 class=\"wp-block-heading\">8. Hozz\u00e1sz\u00f3l\u00e1sok, regisztr\u00e1ci\u00f3, jelsz\u00f3\u2011vissza\u00e1ll\u00edt\u00e1s, spamsz\u0171r\u0151<\/h2>\n\n\n\n<p><em>A blogomon jelenleg nem engedek nyilv\u00e1nos kommentet, \u00e9s nem hozok l\u00e9tre regisztr\u00e1lt felhaszn\u00e1l\u00f3i fi\u00f3kokat, ez\u00e9rt csak a 3. pontban felsorolt technikai adatok ker\u00fclnek kezel\u00e9sre. Ezek az adatok kiz\u00e1r\u00f3lag a rendszer biztons\u00e1ga \u00e9s hibakeres\u00e9s c\u00e9lj\u00e1b\u00f3l.<\/em><\/p>\n\n\n\n<p><em>A blogom mellett id\u0151vel egy e-learning r\u00e9szt k\u00edv\u00e1nok bevezetni  ez a r\u00e9sz regisztr\u00e1ci\u00f3hoz k\u00f6t\u00f6tt lesz \u00edgy a k\u00f6vetkez\u0151 adatok lesznek kezelve. <\/em><\/p>\n\n\n\n<ul class=\"wp-block-list\">\n<li><em>Becen\u00e9v<\/em><\/li>\n\n\n\n<li><em>E-mail c\u00edm<\/em><\/li>\n\n\n\n<li><em>IP (nem lesz megjelen\u00edtve)<\/em><\/li>\n\n\n\n<li><em>B\u00f6ng\u00e9sz\u0151 t\u00edpusa,<\/em><\/li>\n\n\n\n<li><em>Megl\u00e1togatott blogok, oldalak,<\/em><\/li>\n\n\n\n<li><em>Id\u0151pont<\/em><\/li>\n<\/ul>\n\n\n\n<p><em>Az e\u2011learning r\u00e9szhez tartoz\u00f3 regisztr\u00e1ci\u00f3 c\u00e9lja a tananyagokhoz, kurzusokhoz val\u00f3 hozz\u00e1f\u00e9r\u00e9s biztos\u00edt\u00e1sa; ennek jogalapja a szolg\u00e1ltat\u00e1s ig\u00e9nybev\u00e9tel\u00e9hez kapcsol\u00f3d\u00f3 szerz\u0151d\u00e9s teljes\u00edt\u00e9se (GDPR 6. cikk (1) b)).<\/em><\/p>\n\n\n\n<h2 class=\"wp-block-heading\">9. M\u00e9dia tartalmak<\/h2>\n\n\n\n<p><em>Csak ny\u00edlt forr\u00e1sokb\u00f3l sz\u00e1rmaz\u00f3 \u00e9s saj\u00e1t k\u00e9sz\u00edt\u00e9s\u0171 m\u00e9dia \u00e1llom\u00e1nyokat haszn\u00e1lok, m\u00e1s nem t\u00f6lthet fel, oszthat meg ilyen tartalmakat.<\/em><\/p>\n","protected":false},"excerpt":{"rendered":"<p>1. Ki vagyok Jelen adatkezel\u00e9si t\u00e1j\u00e9koztat\u00f3 a https:\/\/kompetencia.cloud\u00a0weboldalon v\u00e9gzett adatkezel\u00e9si tev\u00e9kenys\u00e9geket mutatja be. A weboldal c\u00e9lja, hogy szem\u00e9lyes szakmai blogk\u00e9nt inform\u00e1ci\u00f3kat osszak meg az \u00e1ltalam megismert technol\u00f3gi\u00e1kr\u00f3l \u00e9s rendszerekr\u0151l. 2. Adatkezel\u0151 Ki az adatkezel\u0151? Adatkezel\u0151: Kis Zolt\u00e1n (mag\u00e1nszem\u00e9ly)Weboldal:\u00a0https:\/\/kompetencia.cloudE\u2011mail: kiszoltan@t-email.hu 3. Milyen adatokat gy\u0171jthetek? A weboldal b\u00f6ng\u00e9sz\u00e9se sor\u00e1n a webszerver automatikusan napl\u00f3zza a l\u00e1togat\u00e1sok technikai adatait [&hellip;]<\/p>\n","protected":false},"author":1,"featured_media":0,"parent":0,"menu_order":0,"comment_status":"closed","ping_status":"open","template":"","meta":{"footnotes":""},"class_list":["post-3","page","type-page","status-publish","hentry"],"_links":{"self":[{"href":"https:\/\/kompetencia.cloud\/index.php\/wp-json\/wp\/v2\/pages\/3","targetHints":{"allow":["GET"]}}],"collection":[{"href":"https:\/\/kompetencia.cloud\/index.php\/wp-json\/wp\/v2\/pages"}],"about":[{"href":"https:\/\/kompetencia.cloud\/index.php\/wp-json\/wp\/v2\/types\/page"}],"author":[{"embeddable":true,"href":"https:\/\/kompetencia.cloud\/index.php\/wp-json\/wp\/v2\/users\/1"}],"replies":[{"embeddable":true,"href":"https:\/\/kompetencia.cloud\/index.php\/wp-json\/wp\/v2\/comments?post=3"}],"version-history":[{"count":1,"href":"https:\/\/kompetencia.cloud\/index.php\/wp-json\/wp\/v2\/pages\/3\/revisions"}],"predecessor-version":[{"id":7,"href":"https:\/\/kompetencia.cloud\/index.php\/wp-json\/wp\/v2\/pages\/3\/revisions\/7"}],"wp:attachment":[{"href":"https:\/\/kompetencia.cloud\/index.php\/wp-json\/wp\/v2\/media?parent=3"}],"curies":[{"name":"wp","href":"https:\/\/api.w.org\/{rel}","templated":true}]}}